
12
Let x be 170/(-7) + 28/98. Suppose 0 = -16*z + 344 - 4184. Let l be (2 - 14/10)/(x/z). Calculate the greatest common divisor of l and 24.
6
Let z be (-75)/(27 - 13 - 15). Calculate the greatest common factor of z and 195.
15
Let t(z) = 2*z**3 - 2*z**2 + 2*z. Let i be t(3). Let n be (-2136)/i*(-7)/2. Suppose -n - 278 = -3*h. Calculate the greatest common divisor of h and 19.
19
Let t = -2502 + 2532. Calculate the greatest common divisor of t and 2490.
30
Let i be (406/(-4))/((-14)/(-28)). Let p be i/(0/(-1) + 40 + -41). What is the greatest common divisor of p and 7?
7
Let r be 54/675 + 596/50. Suppose -d + r = -4*v - 0, -d - 4*v = -12. What is the highest common factor of 360 and d?
12
Suppose 0 = 3*g + 15, 4*z - 4*g = -9*g - 281. Let v = z + 44. Let t = -15 - v. What is the greatest common divisor of t and 5?
5
Suppose -2*o - 47*o + 2744 = 0. Calculate the greatest common factor of 3164 and o.
28
Suppose -4*g - 3 + 3 = 0. Suppose -5*i + 8 - 23 = g. Let b be ((-9)/15)/(i/15) + 6. What is the greatest common divisor of b and 81?
9
Let z be ((-2310)/(-84))/((6/(-20))/(-3)). Let n(i) = i**2 + 3*i - 3. Let r be n(-7). What is the highest common factor of z and r?
25
Suppose -2*r - h + 840 = 0, -7*h = -2*h - 10. Let j = -321 + r. Calculate the highest common divisor of j and 14.
14
Let n be (-847)/(-42) + 1/(-6). Let a be ((-30)/24)/(28/(-1904)). What is the highest common divisor of a and n?
5
Suppose 4*x = -4*x + 152. Suppose x = 4*w - 1. Suppose w*g - u = 138, 0 = -g - u + 2*u + 30. What is the greatest common divisor of 18 and g?
9
Let l = -56 + 50. Let b(p) = 5*p**2 + 18*p + 73. Let w be b(l). Calculate the highest common divisor of 29 and w.
29
Let l(x) = -13*x**2 + 3*x + 10. Let j(h) = 13*h**2 - 2*h - 5. Let w(s) = -2*j(s) - 3*l(s). Let m be w(5). Calculate the highest common factor of 224 and m.
56
Let v = 19323 - 18939. What is the highest common divisor of v and 4736?
128
Suppose -4*a = 3*q + 13, 5*q + 12 = -4*a - 15. What is the highest common factor of 1366 and a?
2
Suppose 0 = 2*d - 56 - 60. Suppose 86*k + 107*k = 220*k - 5481. What is the highest common divisor of d and k?
29
Suppose 2*g - 50 = 2*b, g = -34*b + 29*b + 19. Suppose 0 = v + 3*v - 36. Calculate the highest common factor of g and v.
3
Suppose -33*s + 391 = -104. What is the highest common factor of s and 1920?
15
Let w be (-72)/(-90)*-15 + 24. Calculate the greatest common factor of 2100 and w.
12
Let y = -10379 - -11214. What is the greatest common divisor of y and 60?
5
Let f(t) = -108*t + 1356. Let w be f(12). Suppose -2*o + 29 = 5. Calculate the highest common factor of o and w.
12
Let a(w) = 12*w - 29. Let o be a(9). Suppose 3*b - o = 5*p + 86, 44 = b + 2*p. Let v be 74 + 2 + (7 - 4) + -4. Calculate the greatest common factor of v and b.
25
Suppose -u + 78 + 160 = 2*s, 0 = 4*u - 2*s - 972. What is the greatest common divisor of u and 6?
2
Let w(r) = 5*r + 8*r + 18*r - 55 - 14 - r**3 - 23*r**2. Let k be w(-25). What is the greatest common factor of k and 42?
14
Let f(o) = -o - 2*o - 3*o + 102 - 12*o. Let a be f(5). Calculate the greatest common factor of a and 108.
12
Suppose 10 = 4*y + 6. Let v = y + 4. Suppose v*r = 9*r - 476. What is the greatest common factor of r and 17?
17
Let r be (-280)/(-3500) + (-4 - 34392/(-100)). Let v = 84 + -54. Calculate the highest common divisor of v and r.
10
Suppose 3*z = 3*r - 125 + 611, 0 = -2*r + 16. What is the greatest common factor of z and 1326?
34
Let b(z) = -234*z - 1148. Let k be b(-7). Calculate the greatest common divisor of 539 and k.
49
Suppose 2*m = -5*k + 228, 86*k + 4*m - 120 = 83*k. What is the highest common divisor of k and 2224?
16
Let h(k) = -224*k - 199. Let x be h(-17). What is the highest common divisor of 9 and x?
9
Let s(w) = -15*w**3 + 2*w**2 - 3. Let a be s(-3). Suppose -275 = -5*n - y, -1375*y = -n - 1377*y + 46. Calculate the greatest common factor of a and n.
28
Suppose -2*d = 2*f + 148, d + 3*d + 292 = -2*f. Let b = d - -73. Let q be (b - -3)/(-8 - (-1974)/245). What is the highest common divisor of q and 10?
10
Suppose 24*j + 2*z + 2896 = 25*j, -5*j - 5*z = -14390. What is the greatest common factor of j and 28?
28
Let w(t) = 125*t + 1286. Let p be w(-10). Suppose -37 = -s + 26. Calculate the highest common factor of s and p.
9
Suppose -8*g + 151*g - 18708 = -3836. Calculate the greatest common divisor of 3484 and g.
52
Suppose 0*x = -4*x, x - 216 = -4*l. Let k = 310 + 111. Suppose 0*y + 2*w + 413 = 5*y, -5*y + k = -4*w. What is the greatest common factor of l and y?
27
Let t be -5*(-11)/(55/15). Let d = 6 + t. Calculate the greatest common factor of d and 252.
21
Suppose -119*t - 2321 + 9443 = -7753. Calculate the greatest common factor of 3475 and t.
25
Let d be (-72)/30*3/((-18)/15). Let z be (-18)/15*(-10)/d - -1. Suppose z*u - 4*u + 3 = 0. What is the highest common divisor of u and 21?
3
Let l be (-40 + -1)*-1 + 2. Suppose -2*i - 426*q + 428*q + 780 = 0, -5*i + 2*q + 1941 = 0. What is the greatest common divisor of i and l?
43
Let b = 389 - 382. Let x be -4 - -5*(0 + 2). Let v = 13 - x. Calculate the greatest common divisor of b and v.
7
Suppose 5*h - 13*x = -18*x + 340, 3*h - x = 236. What is the greatest common divisor of 52 and h?
4
Suppose -3*o = -7*m + 14*m - 226, -318 = -5*o + 3*m. What is the greatest common divisor of 3454 and o?
22
Let v be 8*6/(-48) - ((-2 - -1) + -218). Calculate the greatest common divisor of v and 14606.
218
Let v(g) = -15*g - 6104 + 6087 + 7*g**2 + g. Let q be v(-5). What is the greatest common factor of 12 and q?
12
Let j be (-2)/3*(-3)/1. Suppose -3*k - 33 = 4*f, -267*k + 24 = -271*k - 4*f. What is the greatest common divisor of k and j?
1
Suppose -2147*r - 65610 = -2156*r. What is the greatest common factor of r and 30?
30
Suppose -148 - 295 = -3*n - 5*w, -4*n - 3*w + 620 = 0. What is the highest common factor of n and 91?
7
Let y(v) = -v**3 - 19*v**2 - 19*v + 29. Let u be y(-18). Suppose 280 = -42*g + u*g. Let d = -53 + g. What is the greatest common factor of d and 2?
1
Suppose -5*p + 42 = 3*x, 0 = -x - 4*p - 7 + 28. Suppose -3*l + 60 + 84 = 0. Let y = 147 - l. What is the highest common divisor of x and y?
9
Let v(a) = 535*a + 7078. Let i be v(-13). Let q be (20/6)/((-5)/(-375)). Let z be 6/(-9) - q/(-6). Calculate the greatest common factor of i and z.
41
Suppose 37*z - 237701 + 7072 - 119946 = 0. Calculate the highest common divisor of z and 25.
25
Suppose 990 = 4*g + v - 3159, 3*g - 3114 = -3*v. Calculate the highest common divisor of g and 1403.
61
Let w be (61752/18)/4*(54/9)/2. What is the greatest common divisor of 62 and w?
31
Let c be (2 - 1)*(24 + 0). Suppose -c = -j - j. Let h be (-1 + 76/(-20))*260/(-104). Calculate the greatest common divisor of h and j.
12
Let m = -167 + 151. Let q be (-684)/m - (-5)/(40/(-6)). What is the highest common divisor of 24 and q?
6
Suppose -37*g + 164 + 126 = 68. Suppose 3*h + 2*k = -3*k + 596, 572 = 3*h - k. What is the greatest common divisor of h and g?
6
Let y(z) = z**3 + 17*z**2 - 35*z - 246. Let n be y(-13). What is the greatest common factor of 1003 and n?
59
Suppose -s = -2*m - 3*s + 50, 5*s = -2*m + 44. Suppose 10*i - 1193 - 5303 = 1334. What is the highest common divisor of i and m?
27
Let x be 33*(-7)/21 - -23. What is the greatest common factor of x and 204?
12
Let p = -3176 - -3180. Let o(z) = 309*z**3 - z. Let d be o(1). Suppose -p*g = 28 - d. Calculate the greatest common factor of 105 and g.
35
Suppose 0 = -6*r - 0 + 18. Suppose 34*o + r = 35*o. Suppose t - o*s = -1, s + 51 = 3*t + 2*t. What is the greatest common factor of 33 and t?
11
Suppose -24 - 2 = -a. Suppose -8630*d + 273 = -8609*d. What is the highest common factor of d and a?
13
Suppose -198*w + 90*w + 90 = -99*w. Let u(n) = -n**3 - 5*n**2 + 3*n + 2. Let d be u(-8). What is the highest common divisor of w and d?
10
Let w(v) = -5*v - 7. Let z = -56 + 58. Suppose 3*b = -z*b - 15. Let o be w(b). What is the greatest common factor of 1 and o?
1
Suppose -103 = -2*g - x, -12*g + 13*g - 57 = 5*x. Calculate the greatest common divisor of 2054 and g.
26
Suppose 11 = d - 85. Suppose -505*j + 48689 = -30626 - 29765. What is the highest common divisor of j and d?
24
Suppose -6287 = -11*m + 2788. Let s be (-44)/1*m/(-44). What is the greatest c